82 is divided by 172.
162
What is the remainder when 1633 is divided by 1367?
266
What is the remainder when 636646 is divided by 8268?
10
Calculate the remainder when 10893 is divided by 2347.
1505
What is the remainder when 13041 is divided by 25?
16
What is the remainder when 18849 is divided by 2085?
84
What is the remainder when 1902 is divided by 516?
354
Calculate the remainder when 2527 is divided by 26.
5
What is the remainder when 6991 is divided by 28?
19
What is the remainder when 31322 is divided by 591?
590
Calculate the remainder when 2627 is divided by 177.
149
Calculate the remainder when 4389 is divided by 1144.
957
What is the remainder when 11910 is divided by 2373?
45
Calculate the remainder when 8990 is divided by 642.
2
What is the remainder when 5056 is divided by 202?
6
Calculate the remainder when 13570 is divided by 4516.
22
Calculate the remainder when 4330 is divided by 467.
127
What is the remainder when 15555 is divided by 338?
7
What is the remainder when 68909 is divided by 439?
425
Calculate the remainder when 3257 is divided by 56.
9
Calculate the remainder when 6334 is divided by 17.
10
What is the remainder when 6706 is divided by 112?
98
What is the remainder when 6996 is divided by 2332?
0
Calculate the remainder when 2390 is divided by 409.
345
What is the remainder when 7945 is divided by 3955?
35
What is the remainder when 5048222 is divided by 1009644?
2
Calculate the remainder when 31588 is divided by 596.
0
What is the remainder when 77477 is divided by 520?
517
What is the remainder when 10328 is divided by 130?
58
What is the remainder when 1780438 is divided by 151?
148
What is the remainder when 1051 is divided by 35?
1
What is the remainder when 157742 is divided by 132?
2
Calculate the remainder when 1166 is divided by 589.
577
Calculate the remainder when 3211 is divided by 419.
278
Calculate the remainder when 23164 is divided by 34.
10
What is the remainder when 66019 is divided by 131?
126
What is the remainder when 1055 is divided by 282?
209
What is the remainder when 59644 is divided by 674?
332
Calculate the remainder when 2627 is divided by 75.
2
What is the remainder when 374064 is divided by 201?
3
What is the remainder when 670 is divided by 103?
52
What is the remainder when 21356 is divided by 1202?
922
What is the remainder when 399222 is divided by 323?
317
Calculate the remainder when 57544 is divided by 564.
16
Calculate the remainder when 1626 is divided by 1550.
76
Calculate the remainder when 131300 is divided by 65649.
2
Calculate the remainder when 2112 is divided by 92.
88
What is the remainder when 15539 is divided by 7765?
9
Calculate the remainder when 873 is divided by 286.
15
What is the remainder when 10208 is divided by 1457?
9
Calculate the remainder when 1075984 is divided by 1017.
1015
Calculate the remainder when 254355 is divided by 13.
10
What is the remainder when 53382 is divided by 99?
21
What is the remainder when 78049 is divided by 233?
227
What is the remainder when 1453594 is divided by 189?
184
Calculate the remainder when 4114 is divided by 189.
145
Calculate the remainder when 6480 is divided by 83.
6
What is the remainder when 79356 is divided by 79344?
12
What is the remainder when 9578 is divided by 2?
0
Calculate the remainder when 13998 is divided by 582.
30
Calculate the remainder when 46538 is divided by 23268.
2
What is the remainder when 210116 is divided by 120?
116
Calculate the remainder when 172077 is divided by 15.
12
What is the remainder when 1057 is divided by 29?
13
What is the remainder when 54767 is divided by 2381?
4
What is the remainder when 29105 is divided by 31?
27
Calculate the remainder when 5638 is divided by 467.
34
What is the remainder when 78929 is divided by 118?
105
What is the remainder when 45566 is divided by 3791?
74
Calculate the remainder when 7951 is divided by 1325.
1
Calculate the remainder when 4130 is divided by 470.
370
What is the remainder when 13350 is divided by 178?
0
What is the remainder when 100 is divided by 32?
4
Calculate the remainder when 1982 is divided by 594.
200
Calculate the remainder when 54443 is divided by 18115.
98
Calculate the remainder when 14240 is divided by 3.
2
Calculate the remainder when 2056 is divided by 284.
68
What is the remainder when 12765 is divided by 114?
111
What is the remainder when 5994 is divided by 1039?
799
What is the remainder when 265346 is divided by 290?
286
What is the remainder when 16556 is divided by 859?
235
Calculate the remainder when 2742 is divided by 51.
39
Calculate the remainder when 38177 is divided by 3.
2
What is the remainder when 454868 is divided by 149?
120
Calculate the remainder when 217 is divided by 145.
72
What is the remainder when 4492 is divided by 4483?
9
What is the remainder when 187386 is divided by 18738?
6
Calculate the remainder when 9515 is divided by 308.
275
Calculate the remainder when 75274 is divided by 1476.
1474
Calculate the remainder when 333367 is divided by 17.
14
What is the remainder when 2355 is divided by 121?
56
Calculate the remainder when 6460 is divided by 462.
454
What is the remainder when 1399 is divided by 56?
55
Calculate the remainder when 2651 is divided by 294.
5
Calculate the remainder when 40970 is divided by 460.
30
Calculate the remainder when 796 is divided by 13.
3
What is the remainder when 12755 is divided by 66?
17
Calculate the remainder when 3051 is divided by 64.
43
Calculate the remainder when 16671 is divided by 5544.
39
Calculate the remainder when 63790 is divided by 12.
10
Calculate the remainder when 19800 is divided by 438.
90
Calculate the remainder when 13091 is divided by 1028.
755
What is the remainder when 129809 is divided by 34?
31
What is the remainder when 6258 is divided by 39?
18
Calculate the remainder when 108595 is divided by 54295.
5
Calculate the remainder when 836925 is divided by 38.
13
Calculate the remainder when 365863 is divided by 73170.
13
Calculate the remainder when 36430 is divided by 138.
136
What is the remainder when 15223 is divided by 448?
439
Calculate the remainder when 19813 is divided by 582.
25
What is the remainder when 786652 is divided by 104?
100
Calculate the remainder when 704 is divided by 338.
28
What is the remainder when 2083 is divided by 109?
12
Calculate the remainder when 2650 is divided by 26.
24
Calculate the remainder when 1055044 is divided by 15.
4
What is the remainder when 635 is divided by 46?
37
What is the remainder when 56505 is divided by 18802?
99
Calculate the remainder when 13359 is divided by 4276.
531
Calculate the remainder when 1183 is divided by 519.
145
Calculate the remainder when 70321 is divided by 178.
11
Calculate the remainder when 69924 is divided by 23245.
189
Calculate the remainder when 62424 is divided by 98.
96
Calculate the remainder when 374067 is divided by 1807.
18
Calculate the remainder when 3440654 is divided by 39.
35
What is the remainder when 13353 is divided by 22?
21
What is the remainder when 9437 is divided by 10?
7
What is the remainder when 2980 is divided by 41?
28
What is the remainder when 1275 is divided by 107?
98
What is the remainder when 66079 is divided by 3667?
73
Calculate the remainder when 11548 is divided by 1150.
48
Calculate the remainder when 118170 is divided by 130.
0
Calculate the remainder when 4062 is divided by 105.
72
Calculate the remainder when 60290 is divided by 670.
660
What is the remainder when 2826 is divided by 404?
402
Calculate the remainder when 172605 is divided by 96.
93
What is the remainder when 152971 is divided by 223?
216
What is the remainder when 1029 is divided by 105?
84
Calculate the remainder when 515472 is divided by 172.
160
Calculate the remainder when 4536 is divided by 1500.
36
What is the remainder when 21426 is divided by 237?
96
Calculate the remainder when 12631 is divided by 745.
711
Calculate the remainder when 25823 is divided by 236.
99
What is the remainder when 11056 is divided by 140?
136
What is the remainder when 74263 is divided by 435?
313
What is the remainder when 4501 is divided by 239?
199
What is the remainder when 164734 is divided by 82362?
10
What is the remainder when 2069 is divided by 62